 9206, -3*t - c + 3329 + 10495 = 0. Is t prime?
False
Let p = -1906353 - -3157112. Is p composite?
True
Let u(y) be the third derivative of 5*y**5/12 + 3*y**4/8 - 71*y**3/6 - 100*y**2. Is u(11) prime?
False
Let v(j) = 4*j**2 - 49*j - 41. Let l be v(25). Let o = 309 + l. Is o composite?
False
Let r = 53 - 49. Suppose -5931 = x - 3*m, r*x = x - 3*m - 17745. Let t = -3590 - x. Is t a prime number?
False
Suppose -3*i - w + 0*w = 1, -5*i + w - 15 = 0. Let j(l) = 1825*l**2 + 3*l - 3. Is j(i) prime?
False
Let c(n) = 3*n + 12. Let g be c(-5). Let y(r) = -484*r**2 - 3*r - 1. Let s be y(g). Is s/(-14) - (-78)/182 prime?
True
Let s = -1 - -4. Suppose 0 = -2*m - 2*m + s*q + 11, 4*m = -q + 7. Is 79*(m - (0 - -1)) prime?
True
Suppose v - 193 = 2*u, -4*v + 2*u - 48 = -826. Suppose -t + 44 = -v. Is t composite?
False
Let s(j) = -27781*j**3 + 8*j**2 + 10*j + 2. Is s(-1) a prime number?
False
Let a be 90 + 1 - 1/4*4. Suppose -h = 4*h + a. Is ((-9)/h)/(2/16) a prime number?
False
Suppose -1993 = a + 1155. Let u = 5351 + a. Is u a prime number?
True
Let x(q) = 178*q**2 + 367*q + 40. Is x(-63) composite?
False
Let u(s) = s**3 + 3*s**2 + 4*s + 3. Let x be u(-2). Let b(y) = -184*y**3 + 2*y**2 + y. Let l be b(x). Suppose -2*a + 201 = m + 3*a, -m = -3*a - l. Is m prime?
True
Is ((-14)/(-10) + 47101562/345)/(4/12) prime?
False
Let g(i) = -3*i**2 - 45*i + 29. Let d be g(26). Let k = d - -8234. Is k a composite number?
True
Let n(c) = -2*c**2 + c**2 + 2*c**3 + 4*c + 2713 - 3*c**3 + 8*c**2 - 2714. Let h(o) = -5*o**3 + 1. Let v be h(-1). Is n(v) prime?
True
Let k(i) = i**3 + 7*i**2 - i + 186841. Is k(0) a prime number?
True
Let p(a) be the first derivative of a**3 - 1/2*a**4 + 14*a**2 + 26 - 7*a. Is p(-12) a composite number?
True
Let n be -6 - 165/(-20) - 1/4. Suppose 3*b + 11913 = n*v, -3*v + 684 = 3*b - 17208. Is v a composite number?
True
Let w be ((-445)/15)/((-1)/177). Suppose -5*k = z - 2618, 6*z = 4*z - 5*k + w. Is z composite?
False
Let i = 13245 - 1303. Suppose 5*h + 5945 = x, 3*h - i = x - 3*x. Suppose -x = -69*m + 64*m. Is m a composite number?
False
Let x = 109 - 59. Let k = -115 + x. Is 573/(-3 + (-210)/k) a prime number?
False
Suppose 5*c = x - 15003, -19*c + 14*c = x - 14923. Is x composite?
True
Let l(t) = -69*t**3 + 18*t**2 + 192*t - 19. Is l(-10) a prime number?
False
Is 136844 + -6*(-6)/9 + -7 a prime number?
True
Suppose -39 = 2*v + 65. Let o = 59 + v. Let t = o - -72. Is t a composite number?
False
Let n = 408644 - 193347. Is n composite?
False
Is (-8)/(-24)*9/6*22226 a composite number?
False
Let t = -2072 + 38371. Suppose -32*y = -t - 917. Is y a prime number?
True
Let d(z) = 10*z**3 - 19*z**2 + 21*z + 2. Let c be d(6). Suppose 0 = -35*r + 39*r - c. Is r a prime number?
True
Suppose -3*v - 62012 = 5*k, -3*k + v + 2387 = 39597. Let x = k - -20870. Is x a prime number?
True
Let s(i) = -1353*i - 2075. Is s(-42) composite?
False
Suppose -j - 35595 = -k + 124292, 479649 = 3*k - 5*j. Is k composite?
True
Suppose 51*i = -70*i + 146*i - 2797825. Is i a prime number?
True
Let t = -51 + 45. Let w be (-2)/(t*5/(-135)). Is 3/(-2)*4614/w a prime number?
True
Let p(j) = 3*j**2 + 4*j - 8. Suppose x + 28 = -4*s + 208, 5*x = -4*s + 164. Let o = s - 25. Is p(o) a composite number?
False
Suppose -2*l - 1780 - 11730 = -2*z, -4*z + 26984 = 5*l. Is z a composite number?
True
Suppose 103 = 9*a - 8609. Let x = 1211 + a. Is x a composite number?
False
Let s = -46556 + 67177. Is s prime?
False
Suppose 34 + 38 = 3*l. Suppose -3*o - l = -9*o. Suppose 4*k = 4*z - 276, -199 = z - o*z - k. Is z composite?
False
Let q(i) = -218*i**2 + 109*i. Let d be q(-4). Is 29/(4/(-24) + (-690)/d) prime?
False
Let j = -121 + 180. Let t = 61 - j. Is 1042/(2 + 2 - t) a prime number?
True
Suppose -u + 30 + 67 = 2*q, 0 = -2*q + 4*u + 122. Let k = 55 - q. Suppose -g + 5*s = -0*g - 264, k*g = 4*s + 1072. Is g a prime number?
True
Suppose -h - y + 1816 - 601 = 0, -2*h = y - 2431. Let m = 2115 - h. Is m a composite number?
True
Suppose 4*n - 3*n = -4*n + 316435. Is n composite?
True
Suppose 3*z = -15, 0 = -4*m + z + 697 - 256. Suppose 114*c + 3660 = m*c. Let q = 21 - c. Is q composite?
True
Suppose 4*k + 38351 = -44957. Let h = k - -52026. Is h composite?
True
Suppose 0 = 2*k - 2*u - 52, -5*u = -k - 0*u + 34. Suppose k*f = 25*f - 22. Is (f/(-8))/((-1)/44) a composite number?
True
Suppose -6 = -4*b + 2. Suppose -74 + b = 6*c. Is 4/(3824/(-21274) - c/66) composite?
True
Suppose 15*t - 5*o - 8 = 12*t, -t + 4 = -o. Suppose 0 = -t*i + 33493 - 11395. Is i a prime number?
False
Is (-2424482)/(-4)*((1 - -11) + -207 + 197) a composite number?
False
Let w(b) = -2791*b - 140. Is w(-13) a composite number?
True
Let x(r) = r + 1. Let n(p) = -2*p + 24. Let y(v) = n(v) + 5*x(v). Let l be y(-9). Is 77/l - 4*(-1)/(-8) a composite number?
True
Let h(k) = 7*k**3 + 21*k**2 + 18*k - 47. Let p(s) = -8*s**3 - 24*s**2 - 19*s + 47. Let d(u) = 7*h(u) + 6*p(u). Is d(10) prime?
True
Suppose 0 = 5*c + 4*y - 103032 - 926657, -2*c + 411872 = 2*y. Is c prime?
False
Let y be 9/(-11) - 26/143. Let i be -2*(-6)/(-1)*y/4. Suppose -3*s + 388 = -v + 3*v, i*s = -v + 197. Is v a prime number?
True
Let d be (2 + 2)/((-2)/(-159)). Suppose 1695 + d = -y. Let f = y + 3670. Is f a prime number?
True
Suppose 212*d - 437*d + 10809675 = 0. Is d a prime number?
False
Let u be (-1)/((5/25)/(6 + -7)). Suppose h = -h - o + 2493, -5*o + 3743 = 3*h. Suppose -2*f + h = -s, -1477 - 1638 = -u*f + 4*s. Is f prime?
False
Suppose -22*z + 4*z - 79307 = -188153. Is z composite?
False
Suppose -h + 488 = -1056. Suppose -3*t + 23893 + h = 0. Is t a prime number?
False
Let t be (-8 - 1165) + -7 - -1*2. Let a = -999 - -2808. Let d = t + a. Is d composite?
False
Let h = 151 - 123. Let n(l) = 43 - h*l - 19*l - 30*l. Is n(-12) prime?
True
Let u = -41 - -44. Suppose -u = -n, 6 = 5*p + 2*n - 5*n. Suppose 5*m - 158 = p*m. Is m prime?
True
Let c = -137 - -142. Let a be (-5)/(-25) + (-6)/c. Is 236/2 + a - -4 composite?
True
Let t be ((-113106)/(-8))/(48/128). Let s = t + 50833. Is s a composite number?
True
Suppose -8*r - 1 - 7 = 0. Is (-3 - -1)*(13845/(-10) + r) composite?
True
Suppose -2*m + 4*d + 20 = 0, 3*m = -5*d + 8 - 22. Suppose 6*y - 2*y + 5*f = 15337, -3*y + 11497 = -m*f. Is y prime?
True
Is 166909*(-8 - -3 - -6) composite?
False
Let h = 30 - -3423. Is h a composite number?
True
Is 84/(-504) + (-7010)/(-12) + 3 a composite number?
False
Let m(n) = 14*n - 53. Let o be m(4). Suppose -16*a + 11*a - 5*v + 40725 = 0, o*a - 4*v - 24449 = 0. Is a prime?
True
Let q(r) = r**3 + 7*r**2 - 2*r - 14. Let j be q(-7). Suppose -9338 = -4*x + 2*s, j = -0*x - x + 2*s + 2339. Is x composite?
False
Is 15/((-180)/8) - (-65105)/3 a prime number?
True
Let d = -24182 + 47679. Is d prime?
True
Let b(p) = 12*p**2 - 5*p - 21. Let h be b(12). Let k = h - 770. Is k a prime number?
True
Let u be (1 + 2)*1 + -36. Let l(h) = -8*h**3 - 4*h**2 - 6*h - 8. Let r be l(-2). Let d = r - u. Is d prime?
False
Suppose -13*d = -74 + 74. Suppose -10*a + 5*a + 32345 = d. Is a composite?
False
Let w(d) = 14*d**3 + 11*d**2 + d + 21. Let n = -43 - -51. Is w(n) composite?
False
Let q = 1908605 + -1342560. Is q composite?
True
Let y(b) = 157130*b + 253. Is y(2) a composite number?
False
Let y = 1842 + -1222. Suppose 0 = -4*g + 2*b - 138, 0 = -24*g + 27*g + 5*b + 84. Let a = y + g. Is a a composite number?
False
Let g = -1100 - -1105. Let f = 8 + -5. Suppose 3032 = 3*r + g*z, -f*r + 1511 + 1519 = 3*z. Is r prime?
True
Suppose 7*r + 2*r - 531636 = 1892253. Is r prime?
False
Let t(g) = 117*g**2 - 123*g - 61. Is t(39) a prime number?
True
Let n(q) = 47191*q**3 - 2*q**2 - 46*q + 46. Is n(1) a prime number?
True
Let k be 2/6 - 254/6. Let u = -32 - k. Is u/(-4)*(-12590)/25 a composite number?
False
Suppose -450*z + 335500500 = -150*z. Is z composite?
True
Let p = -1025483 - -1738777. Is p prime?
False
Let q be (-3 + 4)/(-2 - (-210763)/105381). Let g = q - 64952. Is g a composite number?
False
Suppose -21*u + 2277209 = -11020054. Is u prime?
False
Let i(b) = 2316 + 5479 + 6*b - 1716. Is i(0) composite?
False
Is ((-6)/(-8))/(33/1169652) a composite number?
True
Suppose -4*d + 18144 = -4*z, 2*d + z - 4*z = 9068. Suppose -4*k + 19928 = d. Is k prime?
True
Let i(f) = 1001*f - 1017. Is i(34) prime?
False
Let c(j) = 7*j**3 +